 factors of (-117)/o*m/(-12)?
2, 13
Suppose q - 15 = 3*y + 5, -8 = -4*q. List the prime factors of (-1845)/(-20)*(-16)/y.
2, 3, 41
Let y be (-2)/10 - (-2 + (-27)/(-15)). Suppose 2 = 2*v, 5*a + y*v - 1019 = v. What are the prime factors of a?
2, 3, 17
Suppose 0 = -5*p - 24 - 11. Let b be p*(-29 - (-16)/4). Suppose -4*q + b = 23. What are the prime factors of q?
2, 19
Let o = -951 - -954. Let b(v) be the first derivative of 4*v**3/3 + 3*v**2/2 + 4*v + 1. List the prime factors of b(o).
7
Let g(c) = -c**3 + 4*c**2 - c - 3. Suppose z + 1 = 4. Let w be g(z). Suppose -w*f + 50 = 20. What are the prime factors of f?
2, 5
Let w(t) = -6*t + 2*t + 2*t - 13*t - 48. List the prime factors of w(-9).
3, 29
Let t be ((-54)/10)/(27/(-90)). What are the prime factors of (-45)/t*(-276)/10?
3, 23
Let a(m) = 33*m**3 - 2*m**2 + 3*m - 2. Let w be a(1). Let t(h) = -13*h. Let v be t(1). Let k = w + v. List the prime factors of k.
19
Let t = 1193 - 670. What are the prime factors of t?
523
Suppose 2*k + 7*r = 8*r + 1848, -k - 5*r + 946 = 0. List the prime factors of k.
2, 463
Suppose 2*h + 148 + 214 = z, -5*h + 15 = 0. List the prime factors of z.
2, 23
Let m = 540 + -328. Let z = m - 144. List the prime factors of z.
2, 17
Suppose 0*n + 10800 = 24*n. What are the prime factors of n?
2, 3, 5
Suppose -5*k + 881 = -3*u, 4*u + 2*k + 1172 = 6*k. Let x = -166 - u. List the prime factors of x.
2, 3, 7
Let f = -16 + 29. Suppose 4*v + f*g - 959 = 12*g, 0 = 3*v - 5*g - 725. List the prime factors of v.
2, 3, 5
Suppose -4*u - 15 = i - 3*u, -2*i = -u + 18. Let w(x) = x**2 + 9*x - 10. Let l be w(i). Suppose -5*n + 133 + 81 = -r, -l = 3*r. List the prime factors of n.
2, 3, 7
Let l = -528 - -1072. What are the prime factors of l?
2, 17
What are the prime factors of (-2)/1*(7 - 407/22)?
23
Suppose 11*m - 4079 = 2686. What are the prime factors of m?
3, 5, 41
Let n(m) = 17*m**2 - 9*m + 47. List the prime factors of n(5).
7, 61
Let q = -143 - -220. Suppose 0 = 3*j + 2*z - 75 - q, -20 = 4*z. What are the prime factors of j?
2, 3
List the prime factors of (-273)/(-28)*148 - (-1 - 6).
2, 5, 29
Let f(a) = -118*a**3. Let k be f(-1). Suppose 4*m - 346 = -k. List the prime factors of m.
3, 19
Let x(g) = -10*g - 161. Let h be x(-16). Suppose 4*m + 2*o - 82 = 0, o - 6 = -m + 17. List the prime factors of (6 + m)*h/(-2).
2, 3
Suppose -3*n - 12 = 0, 3*g - 6*g - 5*n + 58 = 0. Suppose -g*o = -24*o - 130. What are the prime factors of o?
5, 13
Let h = -118 + 146. Let q(d) = -d**3 - 4*d**2 - 5. Let p be q(-6). Let r = p - h. What are the prime factors of r?
3, 13
Suppose 178 - 18 = 5*p. Suppose 3*g = 5*f + 146, -p = -g + 2*f + 3*f. What are the prime factors of g?
3, 19
Let a(j) = 24*j**2 - 3. Suppose 0 = -2*s - 5*v + 4, -2*v + 3*v = 4*s - 8. What are the prime factors of a(s)?
3, 31
Suppose -7*k - 44 = -5*k. Let l = -11 - k. What are the prime factors of l?
11
Let a = -58 + 62. Suppose 260 = 8*g - a*g. List the prime factors of g.
5, 13
Let m = -22 + 51. Let q = m + 185. What are the prime factors of q?
2, 107
Let t(l) = 533*l + 12. Let b be t(1). Let x = 803 - b. List the prime factors of x.
2, 3, 43
Suppose 1278 = -58*t + 67*t. List the prime factors of t.
2, 71
Let s = 859 + -342. List the prime factors of s.
11, 47
Let o = -20 - -58. Let m = o - -1. List the prime factors of m.
3, 13
Suppose -2*p + 10 = 3*p. Suppose -150 = -p*k + k. List the prime factors of (k/4)/(6/8).
2, 5
Let t = -6 - -6. Suppose 220 = 5*m - t*m. Suppose -5*o = -3*o - m. What are the prime factors of o?
2, 11
Suppose -2*m - 13 = -3*z, 4*z = 3*z + m + 5. Suppose 2*q + 138 = z*h, -h + q - 9 = -55. List the prime factors of h.
2, 23
What are the prime factors of 96 + (24/(-4) - 0)?
2, 3, 5
Suppose -4*r - m = -14245, -3*r + 4*m = 6*m - 10690. What are the prime factors of r?
2, 5, 89
Let y = -164 + 1828. List the prime factors of y.
2, 13
Let c = 146 + -210. Let q = c - -105. List the prime factors of q.
41
Let x = -7 - -10. Suppose -x*b = -8*b. Let m = b - -29. List the prime factors of m.
29
Let j = 7 - -5. Let h = -5 + j. List the prime factors of h.
7
Let s(w) = -3*w - 4 + 4 + 5*w**2 - 7*w**2 - 2*w**3 - 8. What are the prime factors of s(-3)?
37
Let f be ((-10)/15)/((-4)/24). Let q(p) = 6*p**2 - 7*p - 2. What are the prime factors of q(f)?
2, 3, 11
Let z(i) = -84*i - 659. List the prime factors of z(-8).
13
Let s(o) = 75*o**2 - o - 1. Suppose -2*w + 16 = 18. List the prime factors of s(w).
3, 5
Let x(m) = -m**2 + 17*m - 10. Let v be x(17). List the prime factors of 7/((-1)/v - 0).
2, 5, 7
Let q(v) = v**3 + 6*v**2 - 27*v - 28. List the prime factors of q(9).
2, 59
Let x = -138 - -141. Let z = -2 - -5. Suppose z*l - 78 = -x*l. What are the prime factors of l?
13
Suppose 87 = k - 26. What are the prime factors of k?
113
Let l(a) = -a**3 + 4*a**2 - 2*a. Let g be l(3). Suppose -z - 19 = 4*b, g*b + b = z - 29. Let y = b + 38. List the prime factors of y.
2
Let i = 25 + -23. Suppose 380 = 3*s + i*s - 4*c, 3*c - 304 = -4*s. What are the prime factors of s?
2, 19
Let m(s) = -4*s - 4. Suppose 4*p = -p + 80. Let q be 1/(-2 + 28/p). List the prime factors of m(q).
2, 3
Let i be (((-88)/(-3))/(-2))/((-6)/234). Suppose -5*a + 675 = 5*f, -i - 83 = -5*a - f. List the prime factors of a.
2, 5, 13
Let d(t) be the first derivative of 15 - 12 - t + 0*t - t**2. What are the prime factors of d(-11)?
3, 7
Let x(t) be the third derivative of t**5/6 - t**3/2 + 18*t**2. List the prime factors of x(-3).
3, 29
List the prime factors of (4 + (-1248)/(-28))/(3/21).
2, 5, 17
Let l = -4 - -6. Suppose l*g = -i + 6, 2*i + 6*g = 3*g + 13. List the prime factors of (-14)/(-4)*(i + 2).
5, 7
Let l(o) = -301*o + 50. What are the prime factors of l(-4)?
2, 3, 11, 19
Suppose 2*j = -5*o + 5, 9 = 2*j - 1. Let q be (-1 - 0)*o*30. Suppose 5*a = 4*h - 11 - q, -9 = 4*h + 5*a. What are the prime factors of h?
2
Suppose -103 = -2*x - 5*z, -5*x + 82 = -3*x - 2*z. What are the prime factors of x?
2, 11
Let n(i) = i + 27. Let y be n(-17). Let q = -9 - y. Let w = q + 54. What are the prime factors of w?
5, 7
Let l be 3/(-7) + 152/28. Suppose -3*r + 104 = l*y, 17 = -3*y + 2. List the prime factors of r.
43
Suppose -1245*l + 28259 = -1238*l. List the prime factors of l.
11, 367
Let u(r) = 11*r**2 + 4*r + 71. List the prime factors of u(-8).
743
Suppose -7 = -3*r + 5*s + 81, -3*r + 80 = -s. Let c(a) = a**2 + 17*a + 9. Let p be c(-17). Let l = r + p. What are the prime factors of l?
5, 7
Suppose 35*l - 140509 = -36*l. What are the prime factors of l?
1979
Let a(x) = 40*x - 146. What are the prime factors of a(5)?
2, 3
Let q(p) be the third derivative of -p**5/60 - p**4/12 - 5*p**3/6 - p**2. Let f be q(0). List the prime factors of ((-16)/4 - f)*60.
2, 3, 5
Let i = 117 + 251. What are the prime factors of i?
2, 23
Let a(p) = -21*p - 3. Let l be a(-11). Let h = 127 - l. List the prime factors of 10/(-55) - h/11.
3
Let j(r) be the third derivative of 0*r + 1/6*r**3 + 0 - 1/8*r**4 + 3*r**2. List the prime factors of j(-7).
2, 11
Suppose -23 = 2*f + 7. Let k = -10 - f. What are the prime factors of (-10)/25 + 27/k?
5
Suppose -5*o = 66 - 91. Suppose -5*z = -z + o*h - 419, 3*h = 3*z - 294. What are the prime factors of z?
101
Let j = 2276 + -1349. List the prime factors of j.
3, 103
Let k = 243 + -51. Suppose 0 = 4*m + 2*r - k, 0 = 4*m + 2*r + 3*r - 186. List the prime factors of m.
7
Let t = -3310 + 5184. List the prime factors of t.
2, 937
Let k be 12 + (-2 - -1 - -5). Suppose 3*v + 1 = k. Suppose 75 = 2*x - i, -v*x - 5 = 4*i - 212. List the prime factors of x.
3, 13
Suppose 0 = -4*i - 63 - 277. Let l = -44 - i. What are the prime factors of l?
41
Let m = 2952 - 1651. What are the prime factors of m?
1301
What are the prime factors of 8641/5 - 35/175?
2, 3
Let v = 4163 + -2153. List the prime factors of v.
2, 3, 5, 67
Suppose -5*x + 890 = -0*x. Suppose 89 = u - 2*k - 2*k, -k + x = 2*u. What are the prime factors of u?
89
Suppose 27 - 2 = v. Let g be -2 + (-3 - -7) + v. Let z = g - 16. What are the prime factors of z?
11
Suppose 0 = 5*o - 2*o - 855. Suppose 0 = -8*c + 3*c + 5*s + o, 0 = 2*c - 3*s - 113. List the prime factors of c.
2, 29
Suppose 0 = 4*a - a - 9. Let b(r) = 3*r**3 - 2*r**3 - 5*r**3 + 0*r**a + 2. List the prime factors of b(-2).
2, 17
Let h(m) = m**3 - 31*m**2 - 10